{"id":61,"date":"2021-07-15T09:30:27","date_gmt":"2021-07-15T07:30:27","guid":{"rendered":"https:\/\/konf-bezpieczenstwo.panschelm.edu.pl\/?page_id=61"},"modified":"2021-07-16T10:45:40","modified_gmt":"2021-07-16T08:45:40","slug":"panele-dyskusyjne","status":"publish","type":"page","link":"https:\/\/konf-bezpieczenstwo.panschelm.edu.pl\/?page_id=61","title":{"rendered":"Panele dyskusyjne"},"content":{"rendered":"\n<p><strong>Panel I: <\/strong>Bezpiecze\u0144stwo wewn\u0119trzne w kontek\u015bcie zagro\u017ce\u0144 militarnych wschodniej flanki&nbsp; NATO<\/p>\n\n\n\n<p>Moderator: <strong>p\u0142k prof.&nbsp;dr&nbsp;hab. in\u017c.&nbsp;Leszek Elak<\/strong><\/p>\n\n\n\n<hr class=\"wp-block-separator is-style-wide\"\/>\n\n\n\n<p><strong>Panel II \u2013 <\/strong>Bezpiecze\u0144stwo wewn\u0119trzne w kontek\u015bcie zagro\u017ce\u0144 niemilitarnych wschodniej flanki NATO<\/p>\n\n\n\n<p>Moderator: <strong>dr&nbsp;Kwieci\u0144ska Monika<\/strong><\/p>\n\n\n\n<hr class=\"wp-block-separator is-style-wide\"\/>\n\n\n\n<p><strong>Panel III \u2013 <\/strong>Kryzys migracyjny spowodowany wojn\u0105 na Ukrainie, a bezpiecze\u0144stwo wewn\u0119trzne obszar\u00f3w przygranicznych.<\/p>\n\n\n\n<p>Moderator: <strong>dr&nbsp;Dachowicz Dariusz<\/strong><\/p>\n\n\n\n<hr class=\"wp-block-separator is-style-wide\"\/>\n\n\n\n<p><strong>Panel IV \u2013 <\/strong>Wp\u0142yw pandemii na bezpiecze\u0144stwo wewn\u0119trzne obszar\u00f3w przygranicznych.<\/p>\n\n\n\n<p>Moderator: <strong>dr&nbsp;Sieczka Rafa\u0142<\/strong><\/p>\n","protected":false},"excerpt":{"rendered":"<p>Panel I: Bezpiecze\u0144stwo wewn\u0119trzne w kontek\u015bcie zagro\u017ce\u0144 militarnych wschodniej flanki&nbsp; NATO Moderator: p\u0142k prof.&nbsp;dr&nbsp;hab. in\u017c.&nbsp;Leszek Elak Panel II \u2013 Bezpiecze\u0144stwo wewn\u0119trzne w kontek\u015bcie zagro\u017ce\u0144 niemilitarnych wschodniej flanki NATO Moderator: dr&nbsp;Kwieci\u0144ska Monika Panel III \u2013 Kryzys migracyjny spowodowany wojn\u0105 na Ukrainie, a bezpiecze\u0144stwo wewn\u0119trzne obszar\u00f3w przygranicznych. Moderator: dr&nbsp;Dachowicz Dariusz Panel IV &hellip;<\/p>\n","protected":false},"author":1,"featured_media":0,"parent":0,"menu_order":0,"comment_status":"closed","ping_status":"closed","template":"","meta":{"footnotes":""},"class_list":["post-61","page","type-page","status-publish","hentry"],"_links":{"self":[{"href":"https:\/\/konf-bezpieczenstwo.panschelm.edu.pl\/index.php?rest_route=\/wp\/v2\/pages\/61","targetHints":{"allow":["GET"]}}],"collection":[{"href":"https:\/\/konf-bezpieczenstwo.panschelm.edu.pl\/index.php?rest_route=\/wp\/v2\/pages"}],"about":[{"href":"https:\/\/konf-bezpieczenstwo.panschelm.edu.pl\/index.php?rest_route=\/wp\/v2\/types\/page"}],"author":[{"embeddable":true,"href":"https:\/\/konf-bezpieczenstwo.panschelm.edu.pl\/index.php?rest_route=\/wp\/v2\/users\/1"}],"replies":[{"embeddable":true,"href":"https:\/\/konf-bezpieczenstwo.panschelm.edu.pl\/index.php?rest_route=%2Fwp%2Fv2%2Fcomments&post=61"}],"version-history":[{"count":3,"href":"https:\/\/konf-bezpieczenstwo.panschelm.edu.pl\/index.php?rest_route=\/wp\/v2\/pages\/61\/revisions"}],"predecessor-version":[{"id":100,"href":"https:\/\/konf-bezpieczenstwo.panschelm.edu.pl\/index.php?rest_route=\/wp\/v2\/pages\/61\/revisions\/100"}],"wp:attachment":[{"href":"https:\/\/konf-bezpieczenstwo.panschelm.edu.pl\/index.php?rest_route=%2Fwp%2Fv2%2Fmedia&parent=61"}],"curies":[{"name":"wp","href":"https:\/\/api.w.org\/{rel}","templated":true}]}}